and y?
74
Suppose 0 = 188*j + 359579 - 2239767. What is the highest common factor of j and 548?
137
Suppose 17*j = -2833 + 3938. What is the greatest common divisor of j and 5902?
13
Suppose -2*b = 26 + 8. Let k = b - -59. What is the greatest common factor of 336 and k?
42
Let w(j) = -65*j + 800. Let k be w(-24). What is the greatest common divisor of k and 80?
40
Let t = -98 - -144. Suppose 11*j + t - 321 = 0. Suppose 0 = 2*z - 3*z - 5*r + 25, 25 = z + 2*r. What is the greatest common factor of z and j?
25
Suppose 0 = m - y - 88, -4 = m + 5*y - 104. Calculate the greatest common factor of 245 and m.
5
Let a be 21/19 + -1 - ((-4932759)/741 - -10). What is the highest common divisor of a and 23?
23
Suppose 0*a + 3*x = a - 69, 0 = 3*a + 5*x - 277. Let q be (6/15)/(2/(-20)). Let c = q + 16. What is the greatest common divisor of c and a?
12
Suppose -5*f - 741 = 2*a, a + 0*a = -3*f - 444. Let h = -132 - f. What is the highest common divisor of h and 120?
15
Let w be (-3055)/(-91) - 4/7. Suppose 3*m = -5*v + 202 + 15, 4*m + 4 = 0. What is the greatest common factor of v and w?
11
Suppose -1251115 + 347022 = -55*i + 1059572. What is the greatest common divisor of 9 and i?
9
Let c(r) = 105*r**2 - 518*r - 28. Let m be c(5). What is the greatest common factor of 175 and m?
7
Let j(a) be the first derivative of -14*a - 13 + 19*a**2 - 14*a - 17*a**2. Let p be j(10). Calculate the highest common factor of 84 and p.
12
Suppose b + v - 1 = 0, 21*v + 15 = b + 20*v. Calculate the greatest common divisor of b and 472.
8
Let j be 6 + -3 + (2 - -1)*-1. Suppose 3*d - 2*l + 8 = -0*l, -4*d - 5*l - 3 = j. Let a be d/(-1)*220/40. What is the highest common divisor of a and 11?
11
Let q = 16 + -3. Let p be (18/25)/((-21)/(-70))*15. Let a = p + 29. What is the highest common divisor of a and q?
13
Suppose 3*k - 153 = -3*s, -s = -5*k - 50 + 5. Calculate the highest common divisor of s and 270.
10
Let l be (-10)/(-15) + (854/6 - 2). Let a = 289 - l. Let n = a + -49. What is the greatest common divisor of 9 and n?
9
Let l = -2062 - -9628. What is the greatest common divisor of l and 156?
78
Suppose -1650 = -6*c - 564. What is the highest common divisor of 7964 and c?
181
Let l be 64/(-2)*16/(-16). What is the greatest common divisor of 144 and l?
16
Suppose -5*z = 2*n - 125, 2*n = 3*z - 0*z + 53. Suppose -2*v = -2*r + 130, 5*v - 2*v = -5*r + 285. What is the greatest common divisor of r and n?
20
Suppose 2*i + 4*i - 36 = 0. Let q be 15*(-1)/(-10)*(i - 0). What is the greatest common factor of q and 360?
9
Let y be (-517)/(-329) - (-225)/35. Calculate the greatest common factor of y and 4440.
8
Let g(n) = 4*n**2 + n + 2. Let x be g(-2). Let q = -61 + 65. Suppose 2*w = q*a - 108, -20*w - 130 = -5*a - 15*w. What is the highest common factor of x and a?
4
Let m = -1649 - -1694. Calculate the highest common divisor of 145 and m.
5
Suppose 27*m - 55*m + 140 = 0. Suppose m*g = 20 + 20. Calculate the greatest common factor of 32 and g.
8
Let q(a) = -4*a - 35. Let f be q(0). Let n = 53 - f. Suppose -2*h = -t - 43 + 6, 3*h - 2*t - 58 = 0. What is the highest common divisor of h and n?
8
Let i be ((-819)/(-9))/(2/118). Suppose -11*r + i + 439 = 0. Calculate the highest common factor of r and 11.
11
Let l(n) = 29*n**3. Let p be l(1). Let k = 1381 - 1178. Calculate the greatest common factor of k and p.
29
Let m be (-1 + 11)*(-245)/(-175). Calculate the greatest common divisor of m and 511.
7
Let v(z) = 5*z**2 - 53*z - 86. Let i(k) = -6*k**2 + 52*k + 86. Let n(c) = 6*i(c) + 7*v(c). Let o be n(-50). What is the highest common divisor of 26 and o?
26
Let m be (13 + 7)*2/4. Suppose -2*r = -2*l - m, -3*r + 4 + 14 = -4*l. Let a be (l/(-6))/((-9)/(-36)). Calculate the greatest common factor of 18 and a.
2
Let t(q) = 9*q + 203. Let r be t(-14). Calculate the greatest common factor of r and 341.
11
Suppose 0 = 2*a + 8, u + 3*u = -3*a + 3180. Suppose 15*p - u = p. Calculate the greatest common divisor of p and 38.
19
Let p be -4 + (-30)/(-5)*1. Suppose -6 = -4*h + p. Let s be (48/(-4))/((-8)/4). Calculate the highest common factor of s and h.
2
Suppose -2*m = 2*b + m - 54, 0 = 4*b - 5*m - 130. Let n(l) = 6*l**2 - 328*l + 2661. Let u be n(9). What is the highest common divisor of u and b?
15
Let u(l) = 2*l**2 + 8*l - 8. Let i be u(5). Let v be (40 - (6 + (-21)/3))*1. What is the greatest common factor of i and v?
41
Let l = 1112 + -1059. What is the highest common factor of 1325 and l?
53
Let t be -5*((-273)/105)/((-1)/(-4)). Suppose -3*h + 5*h + 410 = 0. Let q = h - -335. Calculate the highest common factor of q and t.
26
Let r(w) = 64*w**2 - 11*w - 170. Let q be r(8). Calculate the highest common divisor of q and 38.
38
Let j(d) = -2648*d - 15872. Let i be j(-6). Calculate the greatest common factor of 4160 and i.
16
Let v be 18 + (4 - 20) - -10*11. Suppose -6*k + 32 = -4*k. Calculate the highest common divisor of v and k.
16
Let i = 16 + -10. Let x = 2 + i. Let d be (17 - 10) + 15 + (7 - 13). What is the highest common factor of x and d?
8
Suppose 2*d - n = -22 + 109, 0 = 2*d + 2*n - 96. Suppose -5*x + 246 + 79 = 0. Let r be 1160/x + 4/26. Calculate the highest common factor of d and r.
9
Let q be (2/(-3))/(6/9). Let z(c) = c**3 + 13*c**2 + 41*c + 1. Let v be z(-7). Let a be (q - (4 - v))*4. Calculate the greatest common divisor of a and 84.
12
Let v(z) = -7*z**2 - 2*z + 80. Let d(h) = -12*h**2 - 4*h + 160. Let u(a) = 4*d(a) - 7*v(a). Let o be u(0). Calculate the greatest common divisor of 220 and o.
20
Let o be (44 - (-3)/3)/1. Let g be 34/(-6) + 5 - 40/(-6). Let z(l) = 61*l - 51. Let k be z(g). Calculate the greatest common divisor of o and k.
45
Let v = 190 - -4697. Calculate the greatest common divisor of v and 27.
27
Let x(y) = 3*y**2 - 205*y - 132. Let b be x(-8). What is the highest common factor of b and 1445?
85
Suppose 0 = -z - 4*f + 173, 0 = -5*z - f + 136 + 596. Let k = 38 + 78. Calculate the greatest common factor of z and k.
29
Let q be 1*(-38)/2*-1. Let c be (-7)/42 - 5874/(-36). Let s = 220 - c. What is the greatest common factor of q and s?
19
Suppose -13 - 18 = -h. Suppose 9 + h = 10*b. Let s be 46/2 - (7 + (-4 - b)). What is the highest common factor of 96 and s?
24
Let d be (-5)/10*1*0. Suppose d = -6*p + 39 + 117. What is the highest common factor of 13 and p?
13
Suppose 0 = 4*t - 5*l - 821, 66*t - 63*t + 3*l = 663. Calculate the highest common factor of 18 and t.
2
Let t = 4425 + -4412. What is the greatest common divisor of t and 58?
1
Suppose 614 = 8*s + 222. Calculate the greatest common divisor of s and 5635.
49
Suppose 202 = 2*t - 234. Let r = -196 + t. What is the highest common factor of r and 77?
11
Let y(s) be the first derivative of 2*s**3/3 + 7*s**2/2 - 3*s + 62. Let l be y(-6). What is the highest common factor of 513 and l?
27
Suppose 3*u = 409*k - 405*k - 27261, 4*u = -28. Calculate the highest common factor of 30 and k.
30
Let k(v) = 3*v + 7. Let s be k(5). Let b(w) = -w + 33. Let a be b(31). What is the greatest common factor of s and a?
2
Let v = -794 - -4343. What is the greatest common factor of v and 91?
91
Let d be (44/(-12) + 4)*24/2. Suppose -d*s = -6*s + 2*z + 20, -s + 12 = -2*z. What is the highest common divisor of 20 and s?
4
Let r be (1 - ((-1 - -10) + -5)) + (52 - 1). What is the greatest common divisor of 15152 and r?
16
Let b = -9109 + 9461. Calculate the greatest common divisor of 224 and b.
32
Let g(i) = 18*i**3 + 11*i**2 - 11*i - 1. Let y be g(1). Let z = -695 - -1018. What is the highest common divisor of z and y?
17
Suppose -4*l = q - 27 + 75, -5*q = l + 240. Let z be ((-42)/(-4))/(q/(-320)). What is the highest common factor of 28 and z?
14
Let h = -738 - -768. Let t(r) = -r**3 - 6*r**2 + 6*r - 6. Let g be t(-7). Let z = 11 + g. Calculate the highest common divisor of h and z.
6
Let r be ((-66)/5)/(-2*12/80). Let i = 58 + -18. Let s = i + -7. What is the greatest common divisor of r and s?
11
Suppose -5*o + 58867 = t, -8*o + 2*t = -0*o - 94216. What is the highest common factor of o and 100?
25
Let f = -13 - -28. Let w = 8262 - 8182. Calculate the highest common divisor of w and f.
5
Suppose 5*y - 4467 = 9*c, -28*y - 891 = -29*y + 3*c. Calculate the greatest common divisor of y and 39.
39
Let v be 4/54*1323/294*24. Let k(j) = 4